de 283618888?
True
Is 469 a factor of 204299293?
False
Does 75 divide 1009733239?
False
Is 52480044 a multiple of 106?
False
Is 1521 a factor of 107967647?
False
Does 55 divide 60178613?
False
Is 645 a factor of 709817340?
True
Does 12 divide 169020776?
False
Does 110 divide 120478450?
False
Is 44 a factor of 25597736?
False
Is 292395276 a multiple of 36?
True
Does 1145 divide 43471070?
True
Is 94776100 a multiple of 1852?
True
Is 2445 a factor of 117440685?
True
Is 38357715 a multiple of 9?
False
Is 17 a factor of 2753614950?
True
Does 29 divide 164231979?
False
Is 254673600 a multiple of 960?
True
Is 54511288 a multiple of 545?
False
Is 833601945 a multiple of 2009?
False
Does 70 divide 297513879?
False
Does 3 divide 294054981?
True
Is 5071615710 a multiple of 3766?
True
Is 127 a factor of 5462524?
True
Does 29 divide 3915676?
False
Is 131 a factor of 956686290?
False
Is 3666370471 a multiple of 10?
False
Is 1505081851 a multiple of 30?
False
Does 156 divide 167462924?
False
Does 39 divide 3950482?
False
Is 2392 a factor of 72886844?
False
Is 8373180 a multiple of 15?
True
Is 256847 a multiple of 94?
False
Is 2721 a factor of 647619575?
False
Is 482 a factor of 872021361?
False
Does 47 divide 94421402?
True
Does 971 divide 23162691?
False
Does 9 divide 10866976?
False
Is 302121660 a multiple of 6308?
True
Is 1994 a factor of 713907895?
False
Is 528426 a multiple of 9?
True
Is 7066444601 a multiple of 71?
False
Is 1051 a factor of 2172085935?
True
Is 35 a factor of 17849790?
True
Is 7 a factor of 2005276?
True
Is 116225192 a multiple of 4024?
True
Does 8 divide 580000480?
True
Is 15 a factor of 40580117?
False
Is 164335255 a multiple of 5?
True
Does 224 divide 284817237?
False
Is 17 a factor of 4669061?
False
Does 54 divide 275931630?
True
Is 1364 a factor of 14594126?
False
Does 339 divide 9852728?
False
Is 1901 a factor of 103279429?
True
Is 2544138 a multiple of 42?
False
Does 11 divide 2230442832?
False
Is 29 a factor of 42242475?
False
Does 19 divide 4843195627?
True
Does 17 divide 1392847?
False
Is 230048370 a multiple of 270?
True
Does 693 divide 767866573?
False
Is 10441 a factor of 2980660240?
False
Is 2193533 a multiple of 95?
False
Is 17 a factor of 575098899?
True
Does 83 divide 26855114?
False
Does 22 divide 1241082463?
False
Does 2396 divide 623963924?
True
Does 140 divide 10132022?
False
Does 275 divide 245765025?
True
Is 1284985242 a multiple of 54?
True
Does 8 divide 41839147?
False
Is 43 a factor of 21775100?
False
Does 5 divide 1140075?
True
Does 2594 divide 5500954?
False
Does 293 divide 104615357?
True
Does 76 divide 29179913?
False
Does 5 divide 117767537?
False
Is 207642088 a multiple of 29?
True
Is 3366096 a multiple of 92?
True
Is 20 a factor of 4776395?
False
Does 485 divide 12629728?
False
Does 848 divide 138925415?
False
Does 583 divide 353216963?
True
Is 9249 a factor of 598057383?
False
Is 5 a factor of 87017665?
True
Is 19184148 a multiple of 228?
True
Is 240 a factor of 287157023?
False
Is 108805151 a multiple of 206?
False
Does 3314 divide 33345468?
True
Does 3982 divide 1629295030?
True
Does 4 divide 269837079?
False
Is 272 a factor of 33997959?
False
Is 242 a factor of 37685692?
True
Does 36 divide 3691126908?
True
Does 73 divide 1344718?
False
Is 27 a factor of 9880164?
True
Is 49203488 a multiple of 1073?
True
Is 114150024 a multiple of 12?
True
Is 182173061 a multiple of 171?
False
Does 77 divide 439210156?
True
Is 192310160 a multiple of 10?
True
Is 50180277 a multiple of 1149?
True
Is 139588945 a multiple of 838?
False
Is 241 a factor of 160203786?
True
Is 9977238 a multiple of 67?
True
Does 95 divide 4666020?
True
Is 234372134 a multiple of 13?
False
Is 16 a factor of 4272057895?
False
Does 2644 divide 142545279?
False
Is 345618 a multiple of 7?
True
Is 54445647 a multiple of 207?
False
Does 313 divide 6606491?
True
Is 187 a factor of 11102182?
False
Is 1345760 a multiple of 210?
False
Is 4 a factor of 409900920?
True
Is 178 a factor of 31808244?
True
Does 33 divide 1176912891?
True
Is 51 a factor of 1067484825?
True
Does 4926 divide 378553248?
True
Does 13 divide 211832094?
False
Is 2275 a factor of 29223010?
False
Does 9 divide 10959787?
False
Is 2835735955 a multiple of 13?
True
Is 3651 a factor of 2369707107?
True
Is 44 a factor of 169876597?
False
Is 505795290 a multiple of 6?
True
Is 3 a factor of 84877395?
True
Is 11271027 a multiple of 2?
False
Is 677366397 a multiple of 54?
False
Is 438004139 a multiple of 29?
True
Does 6 divide 32683486?
False
Is 69 a factor of 154783403?
False
Is 932 a factor of 1196148372?
True
Is 336548145 a multiple of 865?
True
Is 572316420 a multiple of 20?
True
Is 42 a factor of 28214146?
False
Is 128 a factor of 19293384?
False
Does 1284 divide 155459016?
True
Is 12696997 a multiple of 210?
False
Is 506 a factor of 569678582?
True
Is 23 a factor of 2180728?
False
Is 1076 a factor of 763342376?
True
Is 50 a factor of 382513838?
False
Is 46287196 a multiple of 1282?
False
Does 225 divide 329654250?
True
Is 6 a factor of 368743692?
True
Is 35060251 a multiple of 6?
False
Does 30 divide 2143680?
True
Does 74 divide 1106200840?
True
Is 9966390 a multiple of 14?
True
Does 20 divide 269938460?
True
Does 35 divide 9100805?
True
Does 656 divide 1237216?
True
Is 28 a factor of 29256472?
True
Does 175 divide 27201308?
False
Is 471 a factor of 77921680?
False
Is 123590385 a multiple of 989?
True
Does 16 divide 341501204?
False
Is 63513872 a multiple of 8?
True
Does 21 divide 224056942?
False
Does 8 divide 4415203400?
True
Is 47805439 a multiple of 47?
True
Does 25 divide 822374124?
False
Does 3705 divide 5836931100?
True
Is 16 a factor of 36722032?
True
Is 350 a factor of 16159500?
True
Is 9215 a factor of 2536690644?
False
Is 4 a factor of 18366812?
True
Does 8 divide 1952811464?
True
Is 30767580 a multiple of 72?
False
Is 634 a factor of 1325411332?
False
Does 27 divide 16194465?
True
Does 3431 divide 181049825?
False
Is 645167250 a multiple of 117?
True
Does 7 divide 1485407693?
True
Does 1822 divide 52409830?
True
Does 12 divide 291373896?
True
Is 339 a factor of 27059658?
True
Does 513 divide 151903710?
False
Is 896412789 a multiple of 5660?
False
Is 57 a factor of 152708016?
True
Does 39 divide 78029878?
False
Is 154 a factor of 8951726?
False
Does 47 divide 41599371?
True
Is 214 a factor of 459324892?
True
Does 175 divide 31700025?
True
Is 1323466728 a multiple of 12?
True
Is 82 a factor of 419876331?
False
Does 414 divide 637429004?
False
Is 189628789 a multiple of 58?
False
Is 11849 a factor of 2827134191?
False
Is 1843003326 a multiple of 118?
False
Is 287404416 a multiple of 432?
True
Does 11 divide 1832931373?
False
Is 50 a factor of 207194500?
True
Is 343691181 a multiple of 9?
True
Is 201579648 a multiple of 8?
True
Is 38014608 a multiple of 774?
False
Is 20 a factor of 54670780?
True
Is 14 a factor of 1691472496?
True
Is 699 a factor of 5573127?
True
Is 83202990 a multiple of 673?
True
Does 3742 divide 79817069?
False
Is 30482500 a multiple of 250?
True
Is 271 a factor of 21943954?
True
Does 2138 divide 920320304?
False
Is 634080985 a multiple of 387?
False
Is 166541754 a multiple of 123?
True
Does 86 divide 6051124?
False
Is 383020383 a multiple of 64?
False
Is 469 a factor of 1596154266?
True
Is 417 a factor of 1260127555?
False
Is 1136 a factor of 5094472946?
False
Does 104 divide 763851610?
False
Is 44168810 a multiple of 14?
True
Is 637125473 a multiple of 36?
False
Is 139157730 a multiple of 2670?
True
Is 4860014818 a multiple of 38?
False
Does 2262 divide 530552100?
True
Is 2326 a factor of 51092916?
True
Does 203 divide 52087726?
False
Is 428932890 a multiple of 15?
True
Is 5581 a factor of 1122104698?
True
Is 2348 a factor of 249782588?
True
Is 9 a factor of 2499492608?
False
Is 916621922 a multiple of 17?
False
Does 152 divide 118350696?
True
Does 37 divide 1973840293?
False
Is 96366544 a multiple of 24?
False
Does 136 divide 6981119?
False
Does 824 divide 645168104?
True
Is 283236552 a multiple of 36?
True
Does 3364 divide 286353772?
True
Is 1006 a factor of 205623586?
False
Does 232 divide 342303704?
True
Is 744 a factor of 734853264?
True
Is 283 a factor of 219374525?
True
Is 15 a factor of 29894361?
False
Does 225 divide 874526625?
True
Does 825 